remainder when 6158 is divided by 56.
54
What is the remainder when 120 is divided by 32?
24
Calculate the remainder when 286 is divided by 41.
40
Calculate the remainder when 24972 is divided by 37.
34
Calculate the remainder when 10329 is divided by 3442.
3
What is the remainder when 341 is divided by 19?
18
What is the remainder when 331 is divided by 84?
79
Calculate the remainder when 500 is divided by 24.
20
What is the remainder when 3567 is divided by 8?
7
Calculate the remainder when 92 is divided by 12.
8
What is the remainder when 2014 is divided by 63?
61
What is the remainder when 1069 is divided by 36?
25
What is the remainder when 222 is divided by 67?
21
What is the remainder when 575 is divided by 113?
10
Calculate the remainder when 4379 is divided by 4.
3
Calculate the remainder when 123 is divided by 86.
37
Calculate the remainder when 349 is divided by 20.
9
Calculate the remainder when 2744 is divided by 21.
14
Calculate the remainder when 147 is divided by 30.
27
Calculate the remainder when 269 is divided by 41.
23
Calculate the remainder when 840 is divided by 94.
88
Calculate the remainder when 3011 is divided by 57.
47
Calculate the remainder when 124 is divided by 3.
1
Calculate the remainder when 1192 is divided by 43.
31
Calculate the remainder when 179 is divided by 38.
27
Calculate the remainder when 2053 is divided by 121.
117
What is the remainder when 11039 is divided by 230?
229
What is the remainder when 55 is divided by 25?
5
What is the remainder when 304 is divided by 77?
73
Calculate the remainder when 1124 is divided by 364.
32
Calculate the remainder when 563 is divided by 94.
93
Calculate the remainder when 2627 is divided by 36.
35
What is the remainder when 1712 is divided by 101?
96
What is the remainder when 152 is divided by 26?
22
Calculate the remainder when 201 is divided by 66.
3
Calculate the remainder when 327 is divided by 183.
144
What is the remainder when 157 is divided by 136?
21
What is the remainder when 103 is divided by 49?
5
What is the remainder when 192 is divided by 67?
58
Calculate the remainder when 295 is divided by 35.
15
What is the remainder when 376 is divided by 122?
10
Calculate the remainder when 472 is divided by 10.
2
What is the remainder when 846 is divided by 222?
180
Calculate the remainder when 131 is divided by 11.
10
What is the remainder when 1767 is divided by 176?
7
What is the remainder when 1216 is divided by 29?
27
What is the remainder when 796 is divided by 163?
144
Calculate the remainder when 76 is divided by 55.
21
What is the remainder when 949 is divided by 7?
4
Calculate the remainder when 98 is divided by 60.
38
What is the remainder when 458 is divided by 40?
18
Calculate the remainder when 263 is divided by 10.
3
Calculate the remainder when 2224 is divided by 24.
16
Calculate the remainder when 211 is divided by 16.
3
What is the remainder when 217 is divided by 17?
13
What is the remainder when 840 is divided by 168?
0
Calculate the remainder when 10 is divided by 5.
0
Calculate the remainder when 490 is divided by 210.
70
What is the remainder when 55 is divided by 12?
7
Calculate the remainder when 150 is divided by 81.
69
Calculate the remainder when 2564 is divided by 31.
22
What is the remainder when 125 is divided by 53?
19
Calculate the remainder when 429 is divided by 72.
69
What is the remainder when 1111 is divided by 21?
19
Calculate the remainder when 497 is divided by 10.
7
What is the remainder when 240 is divided by 53?
28
What is the remainder when 7286 is divided by 317?
312
Calculate the remainder when 55 is divided by 8.
7
Calculate the remainder when 2083 is divided by 5.
3
What is the remainder when 152 is divided by 5?
2
Calculate the remainder when 791 is divided by 6.
5
Calculate the remainder when 82 is divided by 4.
2
Calculate the remainder when 388 is divided by 281.
107
What is the remainder when 407 is divided by 29?
1
Calculate the remainder when 7971 is divided by 17.
15
Calculate the remainder when 436 is divided by 3.
1
What is the remainder when 2662 is divided by 72?
70
Calculate the remainder when 118 is divided by 11.
8
Calculate the remainder when 278 is divided by 136.
6
What is the remainder when 176 is divided by 67?
42
What is the remainder when 3636 is divided by 1206?
18
What is the remainder when 48 is divided by 25?
23
What is the remainder when 1341 is divided by 61?
60
What is the remainder when 3430 is divided by 66?
64
What is the remainder when 250 is divided by 18?
16
What is the remainder when 23 is divided by 6?
5
Calculate the remainder when 877 is divided by 10.
7
Calculate the remainder when 304 is divided by 133.
38
Calculate the remainder when 513 is divided by 166.
15
What is the remainder when 1316 is divided by 333?
317
What is the remainder when 59 is divided by 20?
19
What is the remainder when 1097 is divided by 16?
9
Calculate the remainder when 358 is divided by 167.
24
What is the remainder when 500 is divided by 139?
83
Calculate the remainder when 102 is divided by 15.
12
Calculate the remainder when 1255 is divided by 1234.
21
Calculate the remainder when 78 is divided by 20.
18
What is the remainder when 2728 is divided by 9?
1
What is the remainder when 1146 is divided by 18?
12
Calculate the remainder when 1816 is divided by 32.
24
Calculate the remainder when 114 is divided by 74.
40
What is the remainder when 197 is divided by 27?
8
What is the remainder when 1340 is divided by 439?
23
Calculate the remainder when 13079 is divided by 40.
39
What is the remainder when 20 is divided by 7?
6
What is the remainder when 70 is divided by 18?
16
What is the remainder when 476 is divided by 25?
1
Calculate the remainder when 12 is divided by 5.
2
Calculate the remainder when 636 is divided by 89.
13
Calculate the remainder when 1520 is divided by 129.
101
Calculate the remainder when 598 is divided by 32.
22
Calculate the remainder when 39 is divided by 28.
11
Calculate the remainder when 37183 is divided by 112.
111
What is the remainder when 103 is divided by 23?
11
What is the remainder when 754 is divided by 121?
28
What is the remainder when 433 is divided by 35?
13
Calculate the remainder when 1480 is divided by 19.
17
Calculate the remainder when 99 is divided by 41.
17
Calculate the remainder when 117 is divided by 30.
27
Calculate the remainder when 391 is divided by 8.
7
Calculate the remainder when 1685 is divided by 1673.
12
What is the remainder when 275 is divided by 46?
45
Calculate the remainder when 307 is divided by 143.
21
Calculate the remainder when 207 is divided by 8.
7
Calculate the remainder when 13444 is divided by 328.
324
What is the remainder when 94 is divided by 84?
10
Calculate the remainder when 229 is divided by 60.
49
What is the remainder when 27545 is divided by 13?
11
What is the remainder when 2743 is divided by 98?
97
Calculate the remainder when 87 is divided by 5.
2
Calculate the remainder when 1991 is divided by 40.
31
Calculate the remainder when 369 is divided by 82.
41
Calculate the remainder when 227 is divided by 26.
19
Calculate the remainder when 6149 is divided by 150.
149
Calculate the remainder when 237 is divided by 75.
12
Calculate the remainder when 281 is divided by 22.
17
Calculate the remainder when 993 is divided by 193.
28
What is the remainder when 1018 is divided by 73?
69
Calculate the remainder when 14463 is divided by 32.
31
What is the remainder when 11815 is divided by 13?
11
Calculate the remainder when 1847 is divided by 51.
11
What is the remainder when 335 is divided by 26?
23
Calculate the remainder when 53 is divided by 47.
6
Calculate the remainder when 178 is divided by 37.
30
What is the remainder when 544 is divided by 111?
100
What is the remainder when 335 is divided by 9?
2
What is the remainder when 588 is divided by 206?
176
Calculate the remainder when 67 is divided by 14.
11
What is the remainder when 55 is divided by 29?
26
What is the remainder when 740 is divided by 134?
70
What is the remainder when 91 is divided by 72?
19
What is the remainder when 14 is divided by 4?
2
What is the remainder when 16 is divided by 9?
7
Calculate the remainder when 193 is divided by 89.
15
Calcula